hat is -2694 (base 14) in base 15?
-202e
Convert 59 (base 14) to base 8.
117
1712 (base 8) to base 6
4254
Convert 15761 (base 8) to base 16.
1bf1
-1 (base 11) to base 6
-1
Convert 2112220012 (base 3) to base 10.
50225
Convert -25bb (base 13) to base 6.
-40545
What is -4465 (base 7) in base 13?
-973
What is -1434 (base 5) in base 4?
-3310
What is -462 (base 9) in base 11?
-316
-25cc (base 14) to base 13
-3045
-1b0 (base 13) to base 7
-624
What is -24254 (base 7) in base 8?
-14247
103b6 (base 14) to base 3
1222201112
-1302210 (base 4) to base 9
-11046
13441 (base 9) to base 8
21625
Convert 5384 (base 9) to base 2.
111101111100
What is -22522 (base 8) in base 16?
-2552
Convert -9407 (base 14) to base 9.
-37858
Convert a32 (base 11) to base 8.
2335
Convert 77422 (base 8) to base 2.
111111100010010
What is -18523 (base 10) in base 12?
-a877
-45443 (base 7) to base 3
-120211122
What is -105725 (base 8) in base 5?
-2121142
What is 524 (base 7) in base 15?
128
Convert 1110011011 (base 2) to base 13.
560
Convert 1111011000110010 (base 2) to base 13.
228c2
139 (base 11) to base 9
201
5993 (base 13) to base 9
18278
Convert -2102211 (base 3) to base 12.
-1041
What is -983 (base 14) in base 13?
-b17
-1111101101 (base 2) to base 7
-2634
What is 1a53 (base 11) in base 8?
5047
Convert -21533 (base 8) to base 10.
-9051
-101101000001110 (base 2) to base 3
-1011121212
Convert -522 (base 8) to base 16.
-152
What is -a92 (base 14) in base 5?
-31323
What is 40322 (base 5) in base 13?
1240
3940 (base 16) to base 10
14656
Convert 15c1 (base 13) to base 8.
6177
Convert -25500 (base 8) to base 15.
-3432
Convert 320313 (base 4) to base 15.
1129
29cd (base 16) to base 13
4b42
What is -322233 (base 4) in base 13?
-1932
20833 (base 12) to base 11
2a065
Convert -101001101111 (base 2) to base 16.
-a6f
-1201121 (base 5) to base 16
-5614
What is 5104 (base 6) in base 10?
1120
What is 43430 (base 5) in base 10?
2990
Convert 31331302 (base 4) to base 3.
2220110121
121 (base 10) to base 5
441
Convert 3133 (base 5) to base 14.
21c
171 (base 11) to base 7
403
10461 (base 7) to base 3
10121210
-72a (base 14) to base 15
-640
-1255 (base 6) to base 13
-1bb
Convert -8ca4 (base 13) to base 16.
-4d1a
Convert 1a6 (base 11) to base 3.
22210
-1b5 (base 16) to base 14
-233
What is -1501 (base 6) in base 15?
-1b7
What is -434 (base 8) in base 7?
-554
Convert -2100213 (base 4) to base 14.
-3531
12120012 (base 3) to base 10
4055
Convert 135014 (base 6) to base 4.
3013102
What is -7228 (base 11) in base 12?
-5671
What is -113210 (base 4) in base 14?
-79a
Convert -56634 (base 7) to base 10.
-14382
What is -12620 (base 8) in base 10?
-5520
What is -101111101 (base 2) in base 10?
-381
What is 7878 (base 10) in base 12?
4686
-1100000011110101 (base 2) to base 11
-34127
What is 10220120210 (base 3) in base 7?
440256
What is -21303 (base 4) in base 8?
-1163
Convert 1112101 (base 3) to base 5.
13432
Convert -23312 (base 6) to base 14.
-131a
What is 22345 (base 7) in base 5?
140133
Convert -4795 (base 10) to base 4.
-1022323
What is -312 (base 7) in base 5?
-1111
What is -2221121 (base 3) in base 2?
-100001100101
Convert 23000110 (base 4) to base 15.
d551
What is -10052 (base 12) in base 3?
-1001112022
324311 (base 5) to base 9
16331
105 (base 14) to base 16
c9
-559c (base 14) to base 5
-433323
Convert -100011110001 (base 2) to base 16.
-8f1
-20145 (base 6) to base 16
-a61
585 (base 14) to base 11
908
What is -1175 (base 8) in base 12?
-451
What is -13c (base 15) in base 11?
-237
ac8 (base 15) to base 14
c62
Convert d3 (base 14) to base 16.
b9
Convert -ba23 (base 16) to base 13.
-188c6
What is 132 (base 14) in base 15?
110
-100102020 (base 3) to base 11
-5180
Convert 33321 (base 4) to base 12.
709
Convert -266 (base 14) to base 8.
-742
Convert 19157 (base 12) to base 16.
8e93
Convert -eae (base 16) to base 15.
-11a8
Convert 2c4b (base 14) to base 12.
46ab
What is 278 (base 15) in base 16?
233
What is 2d46 (base 15) in base 16?
260d
What is 110011110 (base 2) in base 6?
1530
Convert -11304 (base 5) to base 11.
-694
-104a (base 12) to base 14
-918
Convert 109ea (base 15) to base 10.
52870
What is -11430 (base 6) in base 5?
-23144
What is -13b (base 14) in base 5?
-1444
Convert -2691 (base 11) to base 12.
-2028
-101010111011 (base 2) to base 7
-11003
What is 24040 (base 8) in base 11?
7799
What is -24040 (base 9) in base 8?
-37312
Convert -132 (base 11) to base 4.
-2130
What is 1241 (base 9) in base 16?
3a0
What is -1341 (base 6) in base 11?
-298
What is -7307 (base 9) in base 16?
-14e9
133170 (base 8) to base 7
253121
Convert -4798 (base 10) to base 11.
-3672
What is -41 (base 6) in base 14?
-1b
What is -11110101111 (base 2) in base 5?
-30332
Convert 92 (base 14) to base 9.
152
Convert -114663 (base 8) to base 10.
-39347
What is 29803 (base 10) in base 11?
20434
What is 13032 (base 5) in base 7?
2652
11011000 (base 2) to base 6
1000
-20101 (base 5) to base 13
-772
-12b20 (base 13) to base 14
-c9a8
-32120 (base 5) to base 8
-4160
What is c4 (base 16) in base 5?
1241
What is -553 (base 12) in base 16?
-30f
What is 113a (base 11) in base 5?
21440
-110101110 (base 2) to base 11
-361
What is -112533 (base 7) in base 14?
-74c3
2102121202 (base 3) to base 13
18a0a
Convert -117 (base 16) to base 15.
-139
What is -1cb7 (base 14) in base 3?
-21012201
1037 (base 13) to base 8
4303
211110 (base 4) to base 11
1881
What is 24442 (base 8) in base 16?
2922
What is -7301 (base 11) in base 5?
-302211
What is -310334 (base 5) in base 6?
-114422
-22143 (base 5) to base 9
-2110
Convert -43353 (base 7) to base 2.
-10101001000010
What is -366 (base 9) in base 3?
-102020
Convert 14306 (base 8) to base 2.
1100011000110
What is 10255 (base 12) in base 15?
63ae
Convert 2254 (base 7) to base 11.
689
What is 1614 (base 9) in base 10?
1228
What is 2016 (base 8) in base 7?
3012
What is -14e2 (base 16) in base 15?
-18b6
Convert 142640 (base 8) to base 16.
c5a0
What is -20601 (base 9) in base 5?
-413414
What is 120014 (base 6) in base 10?
10378
What is -4432 (base 9) in base 8?
-6305
What is -5596 (base 11) in base 14?
-2981
-103330 (base 5) to base 15
-10e5
Convert 5a26 (base 11) to base 16.
1ed5
-365 (base 12) to base 16
-1fd
6253 (base 7) to base 5
32234
-2121222 (base 3) to base 14
-9ac
331313 (base 4) to base 8
7567
112444 (base 6) to base 15
2d01
13525 (base 7) to base 3
12001211
119 (base 13) to base 3
21002
Convert -23002 (base 4) to base 12.
-4aa
What is 614 (base 8) in base 6?
1500
1221020020 (base 3) to base 11
26675
What is 1477 (base 9) in base 8?
2143
-53152 (base 6) to base 15
-21eb
-3303 (base 14) to base 8
-21167
89a (base 12) to base 14
66a
-1011 (base 8) to base 5
-4041
167 (base 10) to base 7
326
What is 203 (base 10) in base 12?
14b
What is -2563 (base 8) in base 7?
-4032
192d (base 16) to base 15
1d9a
Convert -212 (base 4) to base 10.
-38
What is 20211020 (base 4) in base 10?
35144
Convert -3bd8 (base 15) to base 8.
-31003
-571 (base 9) to base 16
-1d5
Convert -749 (base 14) to base 3.
-1222020
What is 7662 (base 8) in base 7?
14500
Convert 6275 (base 10) to base 15.
1cd5
Convert 6471 (base 9) to base 7.
16612
-1202101 (base 3) to base 7
-3505
11014 (base 6) to base 16
5f2
Convert -1705 (base 16) to base 15.
-1b2d
Convert 2912 (base 10) to base 16.
b60
What is -c89d (base 14) in base 12?
-18063
Convert 372 (base 10) to base 15.
19c
11011100 (base 2) to base 11
190
What is -39b (base 14) in base 2?
-1011010101
2553 (base 14) to base 5
202131
What is -5072 (base 8) in base 2?
-101000111010
What is ef0 (base 16) in base 5?
110244
What is -25451 (base 9) in base 10?
-17137
9d95 (base 14) to base 9
41486
Convert 632 (base 13) to base 15.
4a5
What is -54 (base 13) in base 4?
-1011
Convert 200012 (base 3) to base 5.
3431
What is -1c59a (base 13) in base 9?
-84607
Convert 2137 (base 11) to base 2.
101100000111
What is 1101001 (base 2) in base 3?
10220
Convert 39919 (base 12) to base 13.
29cbb
What is -11a7 (base 11) in base 8?
-3041
112455 (base 7) to base 16
4ea2
648 (base 9) to base 13
31a
1649c (base 14) to base 5
3241202
What is -4440 (base 7) in base 16?
-63c
What is 101000100011 (base 2) in base 4?
220203
What is 11101101 (base 2) in base 11?
1a6
What is -355 (base 10) in base 13?
-214
Convert -413 (base 9) to ba